). Let a be -1 - -1 - 1 - u. Suppose -a*o + 7 = -11. Calculate the greatest common factor of o and 18.
9
Let g be ((-16)/(-6))/(16/72). Suppose y - 33 = 3*c, -60 + 3 = -2*y - 3*c. Calculate the greatest common divisor of y and g.
6
Suppose -4*q = q - 10. Suppose 3*f + q*o - 5*o - 18 = 0, 2*f + 3*o = 17. Let a be -2 - -4 - f*-1. What is the greatest common divisor of 9 and a?
9
Let n be 4/16*-34*-2. Calculate the greatest common factor of n and 17.
17
Let p = 32 + -10. What is the greatest common divisor of p and 88?
22
Let l(u) = -u**3 - u**2 - u - 210. Let y be l(0). Let m be ((-3)/9)/(2/y). What is the highest common factor of 14 and m?
7
Let l be (28/(-6))/(4/42). Let r = l - -91. Calculate the greatest common factor of r and 28.
14
Let s(f) = -3*f**3 - 2*f**2 - f. Let o be s(-1). Calculate the greatest common factor of o and 1.
1
Let f(h) = -h**3 - 8*h**2 - 22*h - 7. Let z be f(-6). What is the highest common divisor of z and 212?
53
Suppose 7*v - 4*v - 561 = 0. Calculate the highest common factor of 17 and v.
17
Let h(m) be the first derivative of m**4/4 + 8*m**3/3 - 3*m - 2. Let u = 8 - 13. Let r be h(u). What is the greatest common factor of 8 and r?
8
Let t be (-19)/6 - 3/(-18). Let l be 3 + t + 8 + -2. Suppose 0 = 3*z + p + 2*p - 147, 128 = 2*z - 4*p. What is the greatest common divisor of l and z?
6
Let z be (2 - 1)*1*8. Suppose 0 = -5*v - q + 5, 3*q = -4*v + 3*v - 13. Calculate the greatest common factor of z and v.
2
Let p be (-2)/(-4) - ((-395)/(-10))/(-1). Calculate the highest common divisor of 30 and p.
10
Let z be (-2)/(-9) + 50/18. Suppose 1 - 34 = z*w. Let o = -2 - w. Calculate the highest common factor of o and 1.
1
Let k be 3/(-2)*(-40)/6. Suppose k = -2*s + 4*s. Suppose 4*x - 2*x + s*f - 17 = 0, -f + 13 = 2*x. Calculate the greatest common divisor of 6 and x.
6
Suppose -z = -5*h - 48, h + 0*h + 5*z - 6 = 0. Suppose -l - 60 = -4*l. Let u = h + l. What is the highest common factor of 88 and u?
11
Suppose 4*l = -l - 20, -2*l - 78 = -5*p. Let g = p + -6. What is the greatest common factor of g and 24?
8
Let v = 206 + -388. Let p be v/(-4)*(2 + 0). Calculate the highest common divisor of p and 13.
13
Let a be 0 - ((5 - 2) + -5). Calculate the greatest common factor of a and 18.
2
Let z = 225 + -135. Suppose 2*p + 2*p = 144. What is the highest common divisor of p and z?
18
Let r be 4 + (3 - 1) - -2. Let s = -15 - -17. What is the greatest common factor of r and s?
2
Let m(u) = 16*u - 8. Let s be m(7). What is the highest common factor of 13 and s?
13
Let m = -2 - -14. Let s = m + -7. Suppose -s*t = -5*x + 120, -6 = 4*t + 2. Calculate the greatest common factor of x and 11.
11
Let g(p) = p**3 - 3*p**2 - p + 2. Let r be g(3). Let s be (2 + r)*5/(-1). Let k(z) = -z - 1. Let i be k(s). What is the greatest common factor of i and 6?
2
Let c be -2*(1 - (-3)/(-2)). Let y be c/(-1*2/(-190)). Calculate the greatest common factor of y and 19.
19
Let w(x) = -x**3 - 8*x**2 - x + 2. Let o be w(-8). Let f = 100 - 50. Calculate the greatest common factor of o and f.
10
Let v be (-1 - 0) + 66 + -1. Suppose -3*f + 17 = -3*y + 47, y = -3*f + 2. Calculate the greatest common divisor of v and y.
8
Let w(i) = -19*i**2. Let o be w(4). Let d = -196 - o. Calculate the highest common factor of 12 and d.
12
Let n(y) = y**2 - 26*y - 6. Let s be n(34). What is the greatest common divisor of s and 14?
14
Suppose 0 = -4*r - 0*n - n + 64, 38 = 2*r + 2*n. Suppose -4*g = 4*d - g - r, -3*d = -g - 8. What is the greatest common factor of d and 12?
3
Suppose 4*x + 4 = 2*p - 4, -3*x = 9. Let a = p + 7. Calculate the greatest common divisor of 35 and a.
5
Suppose 0 = -11*w + 9*w + 174. Calculate the highest common factor of 29 and w.
29
Let p = 197 - 157. Calculate the highest common divisor of 100 and p.
20
Let f = -50 + 110. Calculate the highest common factor of 24 and f.
12
Suppose 4*w = 2*w + 234. What is the greatest common divisor of w and 39?
39
Let d = -114 - -115. What is the highest common divisor of d and 7?
1
Suppose -3*s - 12 = -4*j + 6, -j = 5*s + 7. Let n be (10 - -3) + (s - -1). What is the highest common factor of 3 and n?
3
Suppose 84 = h - w, -6*w + 284 = 3*h - w. Calculate the greatest common factor of h and 11.
11
Let z = 21 - 6. Calculate the highest common divisor of 165 and z.
15
Suppose -2*o + 248 = -4*z, o - 5*z - 74 = 56. What is the greatest common divisor of 20 and o?
20
Let t be (9/2)/((-22)/(-132)). What is the greatest common factor of 81 and t?
27
Let j be 3/((-9)/(-12))*1. Suppose 0 = -j*i + 8*i - 112. What is the greatest common factor of i and 7?
7
Let r be (-1 - -2)*(2 - -3). Suppose -5*p + 9 = -r*f + 69, 3*p + 6 = f. What is the greatest common factor of 120 and f?
15
Suppose -34 = -4*k - 3*y, 4*k + 4*y = 24 + 12. Suppose 3*b - 4*b = 133. Let p = b + 196. Calculate the highest common divisor of k and p.
7
Suppose 0 = -3*w + 574 + 41. Suppose 5*y = -4*f + 354, 5*y - 2*y - 5*f - w = 0. Calculate the greatest common divisor of y and 10.
10
Let c(b) = 5*b + 4. Let x be c(2). Calculate the greatest common factor of x and 35.
7
Let b = 32 - 10. Calculate the highest common divisor of b and 66.
22
Let i = -63 + 84. What is the highest common factor of 3 and i?
3
Suppose -3*c + 8 = -64. What is the highest common divisor of c and 60?
12
Let h(m) = -5*m**3 + 2*m**2 + m. Let n be h(-1). Let t = -13 - -6. Let l = t - -9. Calculate the highest common factor of l and n.
2
Let o(k) = 4*k + 2. Let r be o(3). Let j = -6 + r. What is the greatest common divisor of j and 56?
8
Let f be (-2)/((-1)/(-1)*1). Let d = f + -6. Let s be ((-140)/d)/(1/2). What is the highest common factor of s and 7?
7
Let m be 1/2 + 377/2. Calculate the highest common factor of 27 and m.
27
Let m be 9*((-21)/27 + 1) + 14. Calculate the greatest common divisor of m and 112.
16
Let y be -15*((-6)/15)/(6/10). Calculate the greatest common factor of y and 90.
10
Let c = -7 - -12. Let w be 1/(-1 - (-6)/c). What is the greatest common divisor of w and 10?
5
Let r(z) = -z**3 + 3*z**2 - 3*z + 3. Let t be r(2). Suppose -5*b + 0*x + 22 = -2*x, -2*b + 13 = -5*x. What is the greatest common factor of t and b?
1
Suppose x = -3*x + 48. Let y(z) = 66*z + 2. Let m be y(2). Let t = m - 38. What is the greatest common factor of x and t?
12
Let u = 5 - -31. Suppose u = 2*f - 76. What is the greatest common factor of 14 and f?
14
Let w(s) = -s**3 - 5*s**2 - 3*s - 7. Let o be w(-5). Calculate the highest common divisor of o and 16.
8
Suppose 0*c + 18 = 2*c + 3*h, -12 = -3*h. Suppose -c*z + 26 = 2*o, -2*z + 33 + 3 = 4*o. Calculate the highest common factor of 49 and o.
7
Suppose 4*n + 44 = 2*o, -n - 47 + 9 = -2*o. Suppose 4*h - 40 = -0*h. Suppose -188 = -m + h. What is the highest common factor of o and m?
18
Suppose 0*z = -3*z - 72. Let n = z + -6. Let f be n/(0 + (-2)/6). What is the greatest common factor of 18 and f?
18
Suppose -b - 76 - 47 = -3*h, -5*b = -3*h + 135. Calculate the highest common factor of h and 8.
8
Let m be 18/42 + (-18)/(-7). What is the highest common factor of 6 and m?
3
Suppose 2*t - 3*y = 3*t - 120, 0 = -2*t - 3*y + 240. Suppose 3*w = 8*w - t. Suppose -4*a + 10 = -2. Calculate the greatest common divisor of w and a.
3
Suppose 15*c = 14*c + 18. Calculate the highest common divisor of c and 198.
18
Let u(l) = l**3 - 5*l**2 - l + 4. Let p be u(5). Let x = p + 4. Suppose -8*v - 66 = -10*v. Calculate the greatest common divisor of x and v.
3
Let r(o) = 7*o**2 - 4*o + 2. Let f be r(2). Suppose -s + 3*s = f. Calculate the greatest common divisor of 1 and s.
1
Let f(t) = t**3 - 2*t**2 - 3*t - 2. Let q be f(3). Let w be q/(-2) - (-100)/4. Calculate the greatest common divisor of 182 and w.
26
Suppose i = 3*m - 59, 0 = -2*m + 5*m - 3*i - 69. Let b = -10 + m. Suppose -z + 24 - 4 = 0. What is the greatest common divisor of z and b?
4
Let z(a) = -2*a - 1 + 3*a + 0. Let q be z(2). Let i be q + (9 - 1 - 2). Calculate the highest common divisor of 42 and i.
7
Let d be (-3)/(681/(-336) - -2). Let t(v) = -v + 8. Let l be t(6). Suppose -4*m - 67 = -3*j + m, l*m = -10. What is the highest common factor of j and d?
14
Let d = 3 - 0. Let s(z) = -4*z**3 - 2*z**2 + 1. Let g be s(-1). What is the greatest common divisor of g and d?
3
Let a(r) = -r**2 - 21*r + 2. Let o be a(-20). Ca